24 + 71*s**3/6 - 26*s**2 - 2. Give y(11).
16
Let y(b) = b**2 + 6*b - 6. Let o(j) = -18 + 4*j + 3*j - 3*j + 0*j. Let t be 6*(-4)/(-16)*2. Let n be o(t). What is y(n)?
-6
Let x = 61 - 59. Suppose -3*z - 2*z = -i + 2, 0 = -x*z - 4. Let y(m) be the third derivative of m**5/60 + 7*m**4/24 + m**3/3 - m**2. What is y(i)?
10
Let o = 205 - 202. Suppose o*c - 2*c = -6. Let y(v) = v**2 + 13*v + 8. Give y(c).
-34
Let q(c) = 11*c - 13. Let z(t) = 5*t - 6. Let i(l) = 6*q(l) - 13*z(l). Suppose -9*w - 102 = -39. Let j be 0/(21/w)*(3 + -4). Calculate i(j).
0
Let h = 220 - 162. Let s(u) = -h*u + 7 + 61*u - 11. Determine s(4).
8
Let q(f) be the first derivative of -3*f**2 + f + 1. Suppose 5*h = 4*s + h + 184, -3*s - 2*h = 133. Let j be 20/(-8)*72/s. Give q(j).
-23
Let r(z) = z**2 + 6*z + 6. Let j(c) = -c**2 - 5*c - 5. Let i(w) = -3*j(w) - 4*r(w). Suppose -2*u - 4*o = 18, -3*u = o + 10 + 12. Determine i(u).
5
Let z = -86 + 336. Let o be 3/(-9) + z/75. Let u(y) = -y**3 + 5*y**2 - 3*y - 3. Calculate u(o).
6
Suppose -3*y + 3 = 15. Let k(h) = h**2 + h - 7. Determine k(y).
5
Let p(o) = o - 2. Suppose -7*c = -4*c - 9. Suppose c*a - s - 3*s = 25, -5*s = -a + 23. Suppose 0*u = -u + 5*i + 22, -6 = a*u + 3*i. What is p(u)?
0
Let v(g) be the first derivative of g**2/2 + 2*g - 166. Let a = 2 + -4. Let n be ((-64)/20 - a)*5. Calculate v(n).
-4
Suppose -2*p = -5*y + 160, 670*y = 667*y + p + 96. Let m(c) = -2*c**2 + 66*c - 68. Determine m(y).
-4
Let m be (12/(-20))/(3 - (-132)/(-45)). Let q(o) = -o**2 - 8*o + 8. Determine q(m).
-1
Let f = -9233 + 9240. Let g(l) = -l**3 + 8*l**2 + 2*l - 20. Determine g(f).
43
Let u(n) be the third derivative of -n**4/4 - 29*n**3/2 + 260*n**2 - 2*n. Give u(-13).
-9
Let n(h) = -35*h - 2280. Let p be n(-65). Let y(z) = z**3 + 4*z**2 - 8*z - 6. What is y(p)?
9
Suppose 4*s = 247 + 49. Suppose 0 = 78*y - s*y - 12. Suppose -4 + 13 = -y*t. Let l(r) = -r**2 - 6*r - 3. Calculate l(t).
6
Let w(m) = 35*m + 28 + 106 + 3 - 16. Give w(-3).
16
Suppose 10*g - 5*x - 930 = 8*g, 1890 = 4*g + 5*x. Let l(n) = n - 3 - g*n**2 + 944*n**2 - 473*n**2. Give l(-3).
3
Let t(p) = p**2 + p - 5. Let d(m) = 2*m**2 + m - 6. Let z(u) = -5*d(u) + 6*t(u). Let j = -47407 + 47410. Give z(j).
-33
Let i be 3/12*(25 + -13). Let l(v) = 7*v**2 + 11*v + 1925 + 2*v**3 - v**i - 2*v**3 - 1933. What is l(8)?
16
Let t(f) be the first derivative of -f**6/72 - f**5/120 - f**4/24 - 4*f**3 + f + 13. Let g(r) be the third derivative of t(r). What is g(-1)?
-5
Let t(s) = -5*s**2 + 4*s + 34. Let d(p) = 2*p**2 - 6. Let c(h) = 6*d(h) + t(h). Suppose -l + 5*y - 8 = -34, -10 = 2*y. Determine c(l).
9
Let k(m) = m**2 - 3*m + 1. Let z be k(4). Suppose -8*a = -13*a + 20. Let c(i) = a*i**2 - 5*i**2 + i + 5*i + 5. Determine c(z).
10
Let n(l) = 6*l + 17. Let r(b) = -5*b - 15. Suppose -11*s = -17*s + 42. Let j(c) = s*r(c) + 6*n(c). Calculate j(3).
0
Let y(x) be the first derivative of x**4/4 - 8*x**3/3 + x**2 - 10*x - 1. Suppose -46*d + 4613 - 39205 = 0. Let i = -744 - d. Determine y(i).
6
Let b(u) = 54*u + 71. Let h(t) = -87*t - 106. Let f(y) = -8*b(y) - 5*h(y). What is f(21)?
25
Suppose -167*c + 60 = -152*c. Let w be ((-1 + 0)*0)/(-1). Suppose w = -3*r + c*r - 1. Let a(x) = -x**2 + x - 1. Calculate a(r).
-1
Suppose -25*m = 29*m + 2*m. Let v(o) be the first derivative of 1/3*o**3 + 6 + m*o**2 + 0*o + 5/4*o**4. What is v(1)?
6
Suppose 6*x + 18 = 48. Let g = -6 - -9. Let o(m) = -3*m + m**2 + 0*m**2 - 5 - g*m. Determine o(x).
-10
Let p(o) = -o**2 - 1. Let i(w) = -17 + 6*w - w - 14 - 5. Let f be i(8). Suppose 2*m + 6 = -3*y - m, -5*y - 2*m - f = 0. Give p(y).
-1
Let z be (6/10)/(318/60 - 5). Let k(n) = 4*n - 32 - 7*n + 4*n + z*n. What is k(10)?
-2
Let u(a) = 17 + 14 + a**2 + 6*a - 17 - 11. Determine u(-5).
-2
Let k = -18 - -21. Let d(f) be the second derivative of f**6/360 - f**5/30 - 11*f**4/12 - f. Let n(j) be the third derivative of d(j). What is n(k)?
2
Let w(r) be the third derivative of r**6/60 - r**5/60 + r**4/12 - 5*r**3/3 + 1675*r**2. Determine w(3).
41
Let y = 33 - 29. Let p(i) = y*i + 7*i**3 + 171*i**2 - 1 - 169*i**2 - 4*i. Let r be (4 + -3)*4/(-4). Determine p(r).
-6
Let y(f) = -87*f**2 + 2956*f + 80. Let x be y(34). Let a(g) = g**3 - 13*g**2 + 16*g - 42. Determine a(x).
6
Let a(y) = 9*y**2 + 24*y - 16. Suppose 0 = -s - 3*s - 16. Let q(t) = -5*t**2 - 12*t + 8. Let b(r) = s*a(r) - 7*q(r). Calculate b(-13).
-5
Let s be (17 - 5)/3 + -2. Let r(m) = 0*m**2 + 0*m**2 - m**s - m + 2*m - 1. Give r(2).
-3
Let o(v) = -v**3 + 5*v**2 - v + 2. Let z be ((-1 - 4) + 4)/((-6)/192). Suppose z - 27 = h. What is o(h)?
-3
Let u(s) = -38*s - 220. Let w be u(-6). Let p(n) be the first derivative of n**3/3 - 3*n**2 - 7*n + 1. Calculate p(w).
9
Let j = 9074 - 9077. Let q(t) = -4*t**2 - 4*t - 6. Calculate q(j).
-30
Let r(g) = -6*g + 112. Suppose 2625 = 167*n - 42*n. Calculate r(n).
-14
Let s = 1 + 1. Suppose s = 4*q - 2. Let r(o) be the first derivative of -5*o**2/2 - o + 2653. Give r(q).
-6
Let k(p) = 373*p - 526. Let j(a) = -132*a + 175. Let m(v) = 17*j(v) + 6*k(v). What is m(-31)?
5
Let l(s) be the first derivative of -s**3/3 + 11*s - 535. What is l(6)?
-25
Let j be 703/(-152) - (-12)/(-32). Let n(r) = 3*r + 22. Calculate n(j).
7
Let c(q) be the second derivative of -1/24*q**5 + 1/24*q**4 + 8/3*q**3 - 3*q + 0 + 0*q**2. Let x(h) be the second derivative of c(h). Give x(2).
-9
Let n = 8439 + -8444. Let w(c) = -c**3 - 4*c**2 + 3*c - 14. Calculate w(n).
-4
Let z(a) be the third derivative of a**4/2 - 17*a**3 + 3385*a**2 + 1. Determine z(9).
6
Let m(r) = -r - 82 - 78 + 172. Let h = -171 + 179. Give m(h).
4
Suppose j + 4*o + 17 = 3*o, 0 = -4*o - 12. Let g be 33/7 - 2*2/j. Let d(s) = 4*s - s + 9 - s - 14. Give d(g).
5
Let d(x) = x**3 + 11*x**2 - 8*x - 4. Suppose 2*q - b - 6 = 4*b, -5*b = 30. Determine d(q).
-52
Let y(m) = -2*m**2 - 86*m - 5. Let j be 172*(-22 + 1044/48). Give y(j).
-5
Suppose 52 = 12*x + 14*x. Let s(k) = 2*k**2 + 3*k**2 - 4 + 2*k**2 + 6*k**2 + k - 12*k**x. What is s(-3)?
2
Let j(c) = c**3 - 16*c**2 + c - 10. Suppose 4*d - 5*a + 1219 = 0, -4*d - 2*a - 842 - 356 = 0. Let g = d + 317. Determine j(g).
6
Suppose -2*m = 2*l - 202, -93 = -2*m + 4*l + 79. Let k(q) = -q - 99*q**3 - q**2 + 0 - m*q**3 + 193*q**3 + 0. Give k(-1).
2
Let l(y) = 197 + 2*y - 98 - 101. Suppose t = f - 7 + 4, -4*t + 12 = 4*f. What is l(f)?
4
Let q(t) = 5*t**2 + 29*t + 3. Let n = 1087 + -1093. Determine q(n).
9
Suppose 108 + 87 = 9*g + 6*g. Let v(m) = -11*m + 138. Give v(g).
-5
Let o be 88/56 - (-3)/7. Let r(a) = 27*a + 11*a**2 + 4 - 12*a**o - 35*a. Give r(-4).
20
Let o(q) be the third derivative of -3*q**4/2 + q**3/6 - 1731*q**2 + 2. Let k = -4 + 5. Give o(k).
-35
Let n = -17 + 10. Let m(f) = f**3 + 11*f**2 - 12*f - 3. Let q(w) = w**3 + 12*w**2 - 13*w - 3. Let s(t) = 6*m(t) - 5*q(t). Give s(n).
-3
Let n(z) be the second derivative of -z**5/20 - z**4/6 + z**3 + 2*z**2 - 1071*z. Calculate n(-4).
12
Let o(k) = k**3 - 5*k**2 - 4*k + 4. Suppose 5*g = 3*l + 17, 9*l + 2*g = 6*l - 10. Let w(y) = -6*y**3 - 23*y**2 + 3*y + 1. Let s be w(l). Give o(s).
-16
Suppose -40*n - 25 = 99 - 4. Let w(b) = -16*b - 77. What is w(n)?
-29
Let u(x) = x**2 + 12*x - 56. Suppose -122*y + 50*y - 1806 = 57*y. What is u(y)?
-28
Let y(b) = -25 - 3*b - 18 - 249*b + 262*b. What is y(4)?
-3
Let j(g) = 2*g - 1. Let o(m) = m**2 - 20*m - 10. Let t(b) = 3*j(b) + o(b). Let n be 22/2 - 24/(-6). Calculate t(n).
2
Let w = 9119 - 9109. Let v(g) = 4*g - 43. What is v(w)?
-3
Let t(l) = 73*l - 800. Let b be t(11). Let v(c) = -2*c**2 + 7*c - 9. Determine v(b).
-6
Suppose 4*i - 15 = -i. Let o = -441 + 442. Let y(p) = -i - o - p**2 - 6*p + 11. Calculate y(-7).
0
Let f(t) be the first derivative of -t**3/3 - t**2 + 4*t - 135. Suppose u + 12 = 3*u + 3*w, 4*w = 0. Suppose -j + 2 = -2*m - u, -5*m = j + 27. What is f(m)?
-11
Let i(n) = -34*n + 338. Let l = -27377 + 27387. Determine i(l).
-2
Let h be 4 + 40*(-17)/(-136). Let b(x) = x**2 - 7*x - 12. Calculate b(h).
6
Suppose 2*w - 2*m + 24 = 6, 0 = m + 6. Let k(g) = 2*g + 18. Give k(w).
-12
Let c(q) be the first derivative of 16 + 3/2*q**2 - 8*q + 5/12*q**4 - 5/6*q**3 - 1/20*q**5. Let l(a) be the first derivative of c(a). Determine l(4).
-1
Let p(f) = 7*f**3 - 14*f**2 + f + 4. Let x(y) = -6*y**3 + 11*y**2 - y - 4. Let d(u) = -5*p(u) - 6*x(u). Determine d